st common factor of 17 and r.
17
Suppose -28*n + 30*n - 16 = 0. What is the greatest common factor of n and 64?
8
Let m be (2/4)/(1/8). Suppose 0*g + g - 12 = 0. Calculate the highest common divisor of m and g.
4
Suppose -w + p + 7 = 0, -4*w + 6*w = -5*p + 7. Let s = 12 + w. Suppose m + s = 2*m. Calculate the highest common divisor of m and 54.
18
Let y = -141 + 603. What is the highest common factor of y and 168?
42
Let q be (-7 - -6)/((-1)/6). Suppose 8*j - q*j = 288. Let l(x) = -4*x + 16. Let u be l(0). What is the greatest common divisor of u and j?
16
Let p(h) = 3*h**3 + 3*h**2 + h + 3. Let b be p(3). Let o be (1334/(-4669))/(2 - (-1066)/(-532)). What is the greatest common divisor of b and o?
38
Let t(x) = 3*x**2 - 15*x + 9. Let a be t(7). What is the highest common divisor of a and 6?
3
Let p(r) = r - 7. Let v be p(11). Let j = 9 - v. Suppose 5*z + 495 = 5*k + z, 495 = 5*k + j*z. Calculate the highest common divisor of 11 and k.
11
Suppose -z = j - 651, 3*z + 3247 = -3*j + 8*j. Suppose -7*h + 12*h = j. What is the greatest common divisor of h and 52?
26
Let j be (-5)/(-5)*4 + -2. Suppose -251 - 165 = -3*g + 4*l, 5*g - 728 = -j*l. Calculate the highest common divisor of 16 and g.
16
Suppose -24*r - 77 = -25*r. Let x = r - 41. Calculate the highest common divisor of x and 54.
18
Suppose 3*b - 10*b + 224 = 0. Calculate the highest common factor of b and 256.
32
Let g = 437 - 171. Calculate the highest common factor of 14 and g.
14
Suppose -676 = 26*g - 39*g. What is the highest common factor of g and 39?
13
Let a(n) = n**2 - n - 7. Let y be a(-6). Let f be 1*-1*(-48 + -197). What is the greatest common factor of f and y?
35
Suppose -107*k + 110*k - 675 = 0. Calculate the highest common factor of 9 and k.
9
Let d(q) = -q**2 - 21*q - 20. Let s be d(-8). Suppose -5*b = -9*b + s. Calculate the highest common factor of b and 14.
7
Let n be (-2)/(-1) + 294/3. Suppose -3*y - 2*y + 4*k = -1270, 20 = -4*k. What is the greatest common divisor of y and n?
50
Suppose z - 1 = -2*v + 6, 13 = 2*v - 5*z. Suppose 0 = -k - 0*k + 5*y + 45, -59 = -3*k - v*y. Let w = k + -14. What is the highest common divisor of 1 and w?
1
Suppose -2*y - 5*i - 12 = 4, 14 = y - 3*i. Let j(h) = 7*h - 8. Let u be j(y). Calculate the highest common factor of 15 and u.
3
Let t(p) = 5*p - 3. Let h(n) = 4*n - 2. Let m(y) = -4*h(y) + 3*t(y). Let f be m(-4). Let c be 38/f + 3/9. What is the highest common divisor of c and 26?
13
Suppose 2*g = -k + 2*k + 6, k + 5*g - 22 = 0. Suppose -14 = -k*u + 2. Calculate the highest common factor of u and 32.
8
Suppose -4*w = -5*w + 5. Suppose 4*h + 0*h - 3*j - 12 = 0, -4*h + w*j + 4 = 0. Suppose 4*k - 3*k - h = 0. Calculate the highest common factor of 30 and k.
6
Let n be 17 + (-6 - -3 - -4). Suppose 0*b = -4*b + 8. Suppose 0*y - 5*t = 2*y - 16, 4*t - 20 = -b*y. What is the greatest common factor of n and y?
18
Let b = 3303 - 3285. Calculate the highest common divisor of 1170 and b.
18
Let c(n) = -4*n - 11. Let l be (5/(15/18))/1. Let t be c(l). Let y be (104/(-5))/(14/t). Calculate the greatest common divisor of y and 13.
13
Suppose -3011 + 12227 = 24*o. What is the highest common divisor of 12 and o?
12
Let a(r) be the third derivative of r**6/120 + 2*r**5/15 - 5*r**4/6 + r**3/6 + 13*r**2. Let f be a(-10). What is the highest common divisor of f and 1?
1
Suppose -15 = -5*u - 5*x, 0 = 2*u - 4*u - 5*x + 6. Suppose -u*q + 16 = 2*t, 2*t - 31 = 4*q + 13. What is the greatest common factor of t and 49?
7
Let g = -255 - -284. What is the greatest common factor of 232 and g?
29
Suppose o - 4*k - 1 = -2*o, -4*k + 55 = 5*o. Calculate the highest common divisor of o and 35.
7
Let u(n) = n**2 - 3*n - 29. Suppose 5*p + 33 = -s, 3*p + 3 = 4*p - 3*s. Let v be u(p). Let l = -67 - -192. Calculate the greatest common divisor of v and l.
25
Let p(h) = 3*h**2 - 3*h + 4. Let s be p(2). Let u be (s/4)/(14/392). What is the greatest common factor of u and 10?
10
Suppose -5*u = 3*h - 1519 - 5955, -3*u - 9*h + 4470 = 0. What is the greatest common divisor of u and 88?
88
Let l = 45 - 31. Let g = l - 8. Calculate the greatest common divisor of 48 and g.
6
Suppose 192 - 813 = -23*z. Let a = 142 - 7. What is the greatest common factor of z and a?
27
Suppose 45 = -0*s + s. Let m(h) = -4*h**2 - 151*h - 102. Let i be m(-37). What is the highest common divisor of s and i?
9
Suppose 4*y - 4 = 84. Suppose -2*d - y = -4*a, -5*a + 4*d + 18 = -2. Calculate the highest common divisor of a and 56.
8
Let v(m) = m**3 + 27*m**2 + 20*m - 148. Let f be v(-26). What is the greatest common divisor of f and 64?
8
Let i(l) = -l**3 + 8*l**2 + 6*l - 3. Let d be i(7). Suppose 7*g - 11*g + d = 0. Calculate the highest common factor of 2 and g.
2
Let z be (1*-20)/(-2) + (-23)/((-23)/4). Let x(b) = 35*b**2 - b + 1. Let a be x(1). What is the highest common divisor of z and a?
7
Suppose 5*k - k - 20 = -4*y, -y - 5*k - 15 = 0. Let f = y + 13. What is the highest common divisor of 1 and f?
1
Let i(v) be the first derivative of 2*v**2 - 13*v + 37. Let l be i(13). What is the greatest common divisor of l and 351?
39
Let y(r) = -5*r + 65. Let h be y(11). What is the highest common divisor of h and 65?
5
Let r = 34 - 24. Suppose 128 = 2*x + 2*x - 4*t, 5*t - 78 = -2*x. Let p = -19 + x. Calculate the greatest common factor of p and r.
5
Let o(f) = 637*f + 15. Let r be o(0). Suppose -2*b + 30 = -0. Calculate the greatest common factor of r and b.
15
Let k(p) = 3*p - 6. Let u be k(8). Calculate the greatest common factor of u and 72.
18
Let t = 946 - 934. Let d = 72 - 24. Calculate the greatest common factor of t and d.
12
Suppose 3*d - 6 = 6. Suppose -12 = -2*c - d. What is the highest common divisor of c and 16?
4
Suppose -35*l + 393 + 34152 = 0. Calculate the highest common divisor of 235 and l.
47
Suppose -8 = 2*m - 88. Let v be (-22)/12 - 2/12. Let n be v/4*200/(-5). What is the greatest common divisor of m and n?
20
Suppose -9 = -5*c - 4*l - 2, 0 = -5*c - 3*l + 9. Suppose -b - 2 = c*h - 1, -5*b + 60 = 2*h. What is the highest common factor of b and 7?
7
Let n = -26 + 46. Let a(h) = -4*h**2 - 132*h - 68. Let p be a(-32). What is the greatest common divisor of n and p?
20
Let z be (4/12)/((-4)/(-324)). What is the highest common factor of 15 and z?
3
Let x(r) = 10*r + 174. Let b be x(-14). What is the highest common divisor of b and 136?
34
Let a = 62 - 55. Let i(z) = 48*z**3 + z**2 + z. Let f be i(-1). Let o be (f + (0 - 1))/(-1). Calculate the highest common divisor of o and a.
7
Suppose 0 = k - 3*k + 18. Let u be ((-417)/12)/(-1) - 35/(-28). What is the highest common factor of k and u?
9
Suppose 3*x - 44 = -r, -68 = -10*x + 5*x - 3*r. Let k(j) = 32*j**2 + j - 1. Let n be k(1). What is the highest common divisor of x and n?
16
Let h be (-4920)/72 - 2/3. Let c be (-104)/(-14) + h/161. What is the highest common divisor of c and 14?
7
Let h(j) = 15*j**2 + 19*j - 62. Let d be h(3). Calculate the greatest common divisor of d and 10.
10
Suppose -2*m + 7 = 5*h - 18, -4*h = 4*m - 32. Suppose -m*w + 15 = 0, -4 = 4*q - 2*w - 34. What is the greatest common divisor of q and 18?
9
Let y(o) = 35*o**2 - 3*o + 4. Let a be y(1). Suppose 6 = w + 4*x, 2*w = w - 2*x + 4. Suppose 9 = w*t + 1. Calculate the highest common factor of a and t.
4
Let q be ((-8)/(-6))/((-14)/105). Let x be ((-6)/5)/(q/175). Let o = x + -9. Calculate the highest common divisor of o and 60.
12
Let o(v) = -7*v - 13. Suppose -4*i + 4*h - 12 = 0, -2*i + i - 5*h = 33. Let r be o(i). Calculate the highest common factor of r and 43.
43
Let g = -44 - -23. Let l(p) = 5*p + 30. Let w be l(-9). Let s = w - g. Calculate the greatest common divisor of s and 6.
6
Suppose 0 = 4*n + 4, -x + 499 = -3*n - 112. Calculate the greatest common factor of 57 and x.
19
Let s be (-2 - 2)/(2/(-4)). Let w(h) = -h**3 + 8*h**2 + 2*h + 11. Let a be w(s). What is the highest common factor of a and 27?
27
Let s = -4 - -4. Suppose 1 = r - s*r. Let u(x) = 35*x + 359. Let j be u(-10). Calculate the highest common divisor of j and r.
1
Let c(b) = 4*b**3 + 6*b**2 - 2*b + 9. Let o(d) = -d**3 - 1. Let s(v) = -c(v) - 5*o(v). Let k be s(6). Calculate the greatest common divisor of 4 and k.
4
Let s be (-2992)/(-66)*(-3)/(-2). Calculate the highest common divisor of 85 and s.
17
Su